{"id":3,"date":"2021-05-19T14:20:24","date_gmt":"2021-05-19T14:20:24","guid":{"rendered":"https:\/\/boconteam4.eu\/?page_id=3"},"modified":"2021-05-24T12:13:26","modified_gmt":"2021-05-24T12:13:26","slug":"privacy-policy","status":"publish","type":"page","link":"https:\/\/boconteam4.eu\/index.php\/privacy-policy\/","title":{"rendered":"Privacy Policy"},"content":{"rendered":"\n<p>Herausgeber*in<\/p>\n\n\n\n<p>FA-Magdeburg GmbH<br>Sch\u00f6nebecker Str. 119, 39104 Magdeburg<br>HRB 101967 Stendal, USt-ID: DE139233645<\/p>\n\n\n\n<p>Fon: 0391 603013 Fax: 0391 603014<\/p>\n\n\n\n<p>E-Mail:<img decoding=\"async\" src=\"http:\/\/ip4j.eu\/wp-content\/uploads\/unnamed.png\" alt=\"\" width=\"174\" height=\"39\"><\/p>\n\n\n\n<p>Verantwortlich gem\u00e4\u00df \u00a7 5 TMG (Telemediengesetzes) sowie gem\u00e4\u00df \u00a7 55 RStV, DSGVO ist Ralf Sachsenmaier<\/p>\n\n\n\n<p>Redaktion<\/p>\n\n\n\n<p>Vlad Marinescu<\/p>\n\n\n\n<p>Bildnachweis<\/p>\n\n\n\n<p>Vlad Marinescu, Andreas Sachsenmaier<\/p>\n\n\n\n<h3 class=\"wp-block-heading\">Haftungshinweis<\/h3>\n\n\n\n<p>Die FA-Magdeburg GmbH ist nicht f\u00fcr die Inhalte fremder Seiten verantwortlich, die \u00fcber einen Link erreicht werden. Die FA-Magdeburg GmbH hat diese Internet-Seiten und die darauf befindlichen Links nach bestem Wissen erstellt und ist stets darum bem\u00fcht, die Richtigkeit und Aktualit\u00e4t sicherzustellen. Jedoch sind alle Angaben und Links nur zur allgemeinen Information bestimmt und stellen keine gesch\u00e4ftliche, rechtliche oder sonstige Beratungsdienstleistung dar. Sie erfolgen daher ohne Gew\u00e4hr und unter Ausschluss jeglicher Haftung. Die Europ\u00e4ische Kommission ist f\u00fcr die Inhalte dieser Website nicht verantwortlich.<\/p>\n\n\n\n<p>Die von der FA-Magdeburg GmbH in ihrem Internetangebot ver\u00f6ffentlichten Rechtsgrundlagen sind sorgf\u00e4ltig zusammengestellt, erheben aber keinen Anspruch auf Aktualit\u00e4t, sachliche Korrektheit oder Vollst\u00e4ndigkeit; eine entsprechende Gew\u00e4hr wird nicht \u00fcbernommen. Die Wiedergabe mit Quellenangabe ist vorbehaltlich anderslautender Bestimmungen gestattet.<\/p>\n\n\n\n<p>The companies involved in the IP4J project are not responsible for, and expressly disclaims all liability for, damages of any kind arising out of use, reference to, or reliance on any information contained within the site. While the information contained within the site is periodically updated, no guarantee is given that the information provided in this Web site is correct, complete, and up-to-date.<\/p>\n\n\n\n<p>Although the IP4J Web site may include links providing direct access to other Internet resources, including Web sites, the companies involved in the IP4J project are not responsible for the accuracy or content of information contained in these sites.<\/p>\n\n\n\n<p>Links from the IP4J Web site to third-party sites do not constitute an endorsement by the companies involved in the IP4J project of the parties or their products and services. The appearance on the Web site of advertisements and product or service information does not constitute an endorsement by the companies involved in the IP4J project.<\/p>\n\n\n\n<p>This project has been funded with support from the European Commission. This publication [communication] reflects the views only of the author, and the Commission cannot be held responsible for any use which may be made of the information contained therein.<\/p>\n\n\n\n<h3 class=\"wp-block-heading\">Angaben zu den Verfahren automatisierter Verarbeitung (\u00a7 4e Satz 1 Nr. 4- 9 BDSG)<\/h3>\n\n\n\n<p><strong>Zweckbestimmungen der Datenerhebung, -verarbeitung oder -nutzung<\/strong><\/p>\n\n\n\n<p>Gegenstand der Gesellschaften ist es, die Berufsausbildung, die berufliche Fortbildung und Umschulung zu f\u00f6rdern, als Tr\u00e4ger von Aus-, Fort- und Weiterbildungsma\u00dfnahmen aufzutreten. Im Rahmen des Gesellschaftszecks f\u00f6rdert die Gesellschaft die Integration von gesellschaftlichen Gruppen in das Berufsleben und den Arbeitsmarkt durch geeignete Ma\u00dfnahmen. Die FA-Magdeburg GmbH kann als Tr\u00e4ger f\u00fcr EU-Projekte auftreten. Zu den Aufgaben der FA-Magdeburg GmbH geh\u00f6rt auch die Zusammenarbeit mit staatlichen Institutionen, Schulen und Verb\u00e4nden sowie der Wirtschaft in allen Fragen der beruflichen Ausbildung, Fortbildung, Umschulung und Integration in das Arbeitsleben. Die FA-Magdeburg GmbH erhebt, speichert und verarbeitet personenbezogenen Daten zur Erf\u00fcllung der zuvor beschriebenen Zwecke, zur Personalverwaltung und zur Erf\u00fcllung sozialversicherungsrechtlicher gesetzlicher Verpflichtungen.<\/p>\n\n\n\n<p><strong>Empf\u00e4nger\/Kategorien von Empf\u00e4ngern, denen die Daten mitgeteilt werden k\u00f6nnen:<\/strong><\/p>\n\n\n\n<blockquote class=\"wp-block-quote is-layout-flow wp-block-quote-is-layout-flow\"><p>\u00d6ffentliche Stellen, die Daten aufgrund gesetzlicher Vorschriften erhalten (z.B. Sozialversicherungstr\u00e4ger, Finanzbeh\u00f6rden, Zuwendungsgeber von EU-F\u00f6rdermitteln).<\/p><p>Interne Stellen, die an der Ausf\u00fchrung der jeweiligen Gesch\u00e4ftsprozesse beteiligt sind sofern zur Erf\u00fcllung der unter Punkt \u201cTransfer to third parties\u201d genannten Zwecke erforderlich.<\/p><p>Externe Auftragnehmer (Dienstleistungsunternehmen) entsprechend \u00a7 11 BDSG zur Abwicklung der Verarbeitung der Daten in unserem Auftrag (sofern zur Erf\u00fcllung der unter Punkt 4 genannten Zwecke erforderlich).<\/p><p>Weitere externe Stellen wie z.B. Kreditinstitute (Gehaltszahlungen, Lieferantenrechnungen), gruppenzugeh\u00f6rige Unternehmen oder andere externe Stellen zur Erf\u00fcllung der oben genannten Zwecke, soweit der\/die Betroffene seine\/ihre schriftliche Einwilligung erkl\u00e4rt hat, dies zur Vertragserf\u00fcllung erforderlich oder eine \u00dcbermittlung aus \u00fcberwiegendem berechtigten Interesse zul\u00e4ssig ist (sofern zur Erf\u00fcllung der unter Punkt&nbsp;\u201cTransfer to third parties\u201d genannten Zwecke erforderlich).<\/p><\/blockquote>\n\n\n\n<p><strong>Minderj\u00e4hrige<\/strong><\/p>\n\n\n\n<p>Personen unter 18 Jahren sollten ohne Zustimmung der Eltern oder Erziehungsberechtigten keine personenbezogenen Daten an uns \u00fcbermitteln. Wir fordern keine personenbezogenen Daten von Minderj\u00e4hrigen an, sammeln diese nicht und geben sie nicht an Dritte weiter.<\/p>\n\n\n\n<p><strong>Geplante Daten\u00fcbermittlung in Drittstaaten:<\/strong><\/p>\n\n\n\n<p>Eine \u00dcbermittlung in Drittstaaten ist nicht geplant, sofern nicht innerhalb von EU-Projekten gefordert und gef\u00f6rdert (basierend auf der g\u00fcltigen Rechtslage).<\/p>\n\n\n\n<h2 class=\"wp-block-heading\">Privacy Statement<\/h2>\n\n\n\n<h3 class=\"wp-block-heading\">General<\/h3>\n\n\n\n<p>Your personal data (e.g. title, name, house address, e-mail address, phone number, bank details, credit card number) are processed by us only in accordance with the provisions of German data privacy laws. The following provisions describe the type, scope and purpose of collecting, processing and utilizing personal data. This data privacy policy applies only to our web pages. If links on our pages route you to other pages, please inquire there about how your data are handled in such cases.<\/p>\n\n\n\n<h3 class=\"wp-block-heading\">Anonymous Data<\/h3>\n\n\n\n<p>If you use the site\u2019s offer, Internet servers (web servers) automatically record technical access data, such as the name of your internet service provider, the website from which you visit us, the websites you visit.&nbsp;The data sets are evaluated exclusively for statistical purposes in order to get an overview of the frequency of access to individual segments.&nbsp;This anonymous evaluation helps us to adapt our web offer to your needs.&nbsp;A transfer of data to third parties does not take place.<\/p>\n\n\n\n<h3 class=\"wp-block-heading\">Registration on our website<\/h3>\n\n\n\n<p>When registering for the use of our online course, some personal information will be collected, such as nickname and e-mail address.&nbsp;If you are registered with, you can access content and services that we offer only to registered users.&nbsp;Registered users also have the option of changing or deleting the data specified during registration at any time.&nbsp;Of course, we also provide you with information about the personal data we hold about you at any time.&nbsp;We are happy to rectify or delete these at your request, as far as no statutory storage requirements preclude.&nbsp;To contact us in this context, please use the contact details given at the end of this Privacy Policy.<\/p>\n\n\n\n<h3 class=\"wp-block-heading\">SSL encryption<\/h3>\n\n\n\n<p>To protect the security of your data during transmission, we use standard encryption techniques (such as SSL) over HTTPS on webpages, who are asking for data.<\/p>\n\n\n\n<h3 class=\"wp-block-heading\">Inventory data<\/h3>\n\n\n\n<p>We use personal information only for the purposes set out in this Privacy Policy (for example, to process inquiries and feedback on learning content).&nbsp;In addition, personal data will only be collected, processed or used by us for the purpose of safeguarding the legitimate commercial interests of FA-Magdeburg GmbH.<\/p>\n\n\n\n<p>Pursuant to \u00a7 34 and \u00a7 35 of the Federal Data Protection Act, you as the user have the right to demand information at any time about which data are stored by us and for what purpose this storage takes place.&nbsp;In addition, you may correct incorrect data or delete data that is not permitted or no longer necessary to store.<\/p>\n\n\n\n<p>Personal inventory data are information that can be used to discover your identity.&nbsp;This includes information such as your real name, address, postal address, telephone number.&nbsp;Information that is not directly related to your real identity (such as favorite websites or number of users of a site) is not covered.&nbsp;You can use our online offer without revealing your identity.&nbsp;In connection with your access, data is stored on our servers for backup purposes, which may allow identification (for example IP address, date, time and pages viewed).&nbsp;There is no personal utilization.&nbsp;The statistical analysis of anonymous data records remains reserved.<\/p>\n\n\n\n<h3 class=\"wp-block-heading\">Transfer to third parties<\/h3>\n\n\n\n<p>A transfer of personal data to third parties or use beyond the processing of the request does not occur. If forwarding to third parties is required to answer your request, the consent of the requesting party shall be deemed to have been granted.&nbsp;In addition, we do not share this information with third parties without your express consent.&nbsp;Insofar as we are legally obliged to do so or by court order, we will forward your data to authorized sources.&nbsp;We only use your personal information within the SBH Group.&nbsp;A transfer to third countries does not take place.<\/p>\n\n\n\n<h3 class=\"wp-block-heading\">Information about cookies<\/h3>\n\n\n\n<p>(1) To optimize our web presence, we use cookies. These are small text files stored in your computer\u2019s main memory. These cookies are deleted after you close the browser. Other cookies remain on your computer (long-term cookies) and permit its recognition on your next visit. This allows us to improve your access to our site.<br>(2) You can prevent storage of cookies by choosing a \u201cdisable cookies\u201d option in your browser settings. But this can limit the functionality of our Internet offers as a result.<\/p>\n\n\n\n<h3 class=\"wp-block-heading\">Server Log files<\/h3>\n\n\n\n<p>The provider of the pages automatically collects and stores information in so-called server log files, which your browser automatically transmits to us.&nbsp;These are:<\/p>\n\n\n\n<blockquote class=\"wp-block-quote is-layout-flow wp-block-quote-is-layout-flow\"><p>Browser type \/ browser version<br>used operating system<br>Referrer URL<br>Host name of the accessing computer<br>Time of the server request<\/p><\/blockquote>\n\n\n\n<p>These data can not be assigned to specific persons.&nbsp;A merge of this data with other data sources will not be done.&nbsp;We reserve the right to check this data retrospectively, if we become aware of specific indications for illegal use.<\/p>\n\n\n\n<p>For further information, please visit https:\/\/hosting.1und1.de\/terms-gtc\/terms-privacy\/<\/p>\n\n\n\n<h3 class=\"wp-block-heading\">Further Information<\/h3>\n\n\n\n<p>All employees are obliged to safeguard data secrecy and data protection in accordance with \u00a7 5 BDSG when commencing their activities.&nbsp;Our cooperation partners are also bound by analogous legal regulations to maintain confidentiality.&nbsp;The data provided by you are protected by suitable technical and organizational means with the aim of protecting your data against accidental or intentional manipulation, loss, destruction, access by unauthorized persons or unauthorized disclosure to third parties.&nbsp;Our security measures are continuously monitored and improved according to the technical developments and organizational possibilities.<\/p>\n\n\n\n<h3 class=\"wp-block-heading\">Standard deadlines for the deletion of the data<\/h3>\n\n\n\n<p>The legislature has issued a variety of storage obligations and deadlines, which essentially requires a retention period of 10 years, but in some cases are lower. In addition, deviations may result from statutory or contractual retention periods. After expiration of these deadlines, the corresponding data will be routinely deleted when they are no longer required to fulfill the contract. If data are not affected, they will be deleted if the purpose is omitted.<\/p>\n\n\n\n<h3 class=\"wp-block-heading\">Right of withdrawal<\/h3>\n\n\n\n<p>If you have given us personal data, you can have it deleted at any time.&nbsp;Data for billing and accounting purposes are not affected by a termination or deletion.<\/p>\n\n\n\n<h3 class=\"wp-block-heading\">Disclosure<\/h3>\n\n\n\n<p>According to the Federal Data Protection Act, you have a right to free-of-charge information about your stored data, and possibly entitlement to correction, blocking or deletion of such data. Inquiries can be directed to the following e-mail addresses: (mail[at]fa-md.de)<\/p>\n\n\n\n<p>Despite careful content control, we assume no liability for the content of external links.&nbsp;The content of the linked pages are the sole responsibility of their operators.<\/p>\n\n\n\n<h3 class=\"wp-block-heading\">Youtube<\/h3>\n\n\n\n<p>We use a certain method for embedding videos that refers to the privacy policy of the provider Youtube \/ Google. At the time, a cookie is only saved on your computer when the video is started playing. For more information about YouTube\u2019s official privacy policy, please visit: https:\/\/policies.google.com\/privacy<\/p>\n\n\n\n<p>If you want to be sure that no data is being saved on Youtube, do not click on the embedded videos.<\/p>\n","protected":false},"excerpt":{"rendered":"<p>Herausgeber*in FA-Magdeburg GmbHSch\u00f6nebecker Str. 119, 39104 MagdeburgHRB 101967 Stendal, USt-ID: DE139233645 Fon: 0391 603013 Fax: 0391 603014 E-Mail: Verantwortlich gem\u00e4\u00df \u00a7 5 TMG (Telemediengesetzes) sowie gem\u00e4\u00df \u00a7 55 RStV, DSGVO ist Ralf Sachsenmaier Redaktion Vlad Marinescu Bildnachweis Vlad Marinescu, Andreas Sachsenmaier Haftungshinweis Die FA-Magdeburg GmbH ist nicht f\u00fcr die Inhalte fremder Seiten verantwortlich, die \u00fcber [&hellip;]<\/p>\n","protected":false},"author":1,"featured_media":0,"parent":0,"menu_order":0,"comment_status":"closed","ping_status":"closed","template":"","meta":{"footnotes":""},"class_list":["post-3","page","type-page","status-publish","czr-hentry"],"_links":{"self":[{"href":"https:\/\/boconteam4.eu\/index.php\/wp-json\/wp\/v2\/pages\/3","targetHints":{"allow":["GET"]}}],"collection":[{"href":"https:\/\/boconteam4.eu\/index.php\/wp-json\/wp\/v2\/pages"}],"about":[{"href":"https:\/\/boconteam4.eu\/index.php\/wp-json\/wp\/v2\/types\/page"}],"author":[{"embeddable":true,"href":"https:\/\/boconteam4.eu\/index.php\/wp-json\/wp\/v2\/users\/1"}],"replies":[{"embeddable":true,"href":"https:\/\/boconteam4.eu\/index.php\/wp-json\/wp\/v2\/comments?post=3"}],"version-history":[{"count":2,"href":"https:\/\/boconteam4.eu\/index.php\/wp-json\/wp\/v2\/pages\/3\/revisions"}],"predecessor-version":[{"id":66,"href":"https:\/\/boconteam4.eu\/index.php\/wp-json\/wp\/v2\/pages\/3\/revisions\/66"}],"wp:attachment":[{"href":"https:\/\/boconteam4.eu\/index.php\/wp-json\/wp\/v2\/media?parent=3"}],"curies":[{"name":"wp","href":"https:\/\/api.w.org\/{rel}","templated":true}]}}